 179400297?
False
Is 12003439 a multiple of 579?
False
Is 539 a factor of 333187701?
True
Is 284 a factor of 624366059?
False
Is 3 a factor of 18223636?
False
Is 14 a factor of 10090043?
False
Is 20 a factor of 52376200?
True
Is 803 a factor of 1281893943?
True
Is 5 a factor of 205298255?
True
Is 88 a factor of 1000807999?
False
Is 103 a factor of 27011295?
False
Does 34 divide 2317848068?
True
Is 320453700 a multiple of 210?
True
Is 5786053 a multiple of 169?
True
Does 15 divide 39593190?
True
Is 66 a factor of 44334923?
False
Does 63 divide 50947659?
True
Does 6 divide 8208173?
False
Is 69989360 a multiple of 2629?
False
Does 2706 divide 151273712?
False
Is 8 a factor of 312744?
True
Is 912772434 a multiple of 21?
True
Is 490565010 a multiple of 52?
False
Is 76 a factor of 3503259369?
False
Does 128 divide 1678840263?
False
Is 847854 a multiple of 171?
False
Does 1886 divide 472375029?
False
Does 389 divide 23715318?
False
Does 34 divide 779450?
True
Does 99 divide 112496076?
True
Does 755 divide 383501136?
False
Does 9304 divide 1556121912?
True
Does 16 divide 280472803?
False
Is 101783325 a multiple of 21?
True
Is 2055 a factor of 647332300?
False
Does 114 divide 632970?
False
Is 5 a factor of 92758160?
True
Does 11 divide 1832268889?
True
Is 169834643 a multiple of 25?
False
Does 182 divide 43296890?
True
Is 365 a factor of 29098194?
False
Is 18 a factor of 26315100?
True
Does 17 divide 43384782?
True
Is 19996192 a multiple of 717?
False
Does 441 divide 414041670?
True
Is 90 a factor of 32804010?
True
Is 160 a factor of 6168960?
True
Is 37745924 a multiple of 254?
True
Is 45 a factor of 44838360?
True
Is 9550 a factor of 585682400?
True
Is 93 a factor of 5149701648?
True
Does 2989 divide 83667705?
False
Is 8623567 a multiple of 404?
False
Does 82 divide 64982543?
False
Is 3965744 a multiple of 472?
True
Is 936608075 a multiple of 4355?
True
Is 203 a factor of 221276046?
False
Is 251 a factor of 893188520?
True
Is 5223024 a multiple of 874?
True
Is 7702 a factor of 1471650386?
False
Is 336 a factor of 651114684?
False
Is 107 a factor of 589502312?
False
Is 1581364982 a multiple of 27?
False
Does 83 divide 22203813?
False
Is 16049350 a multiple of 50?
True
Does 5993 divide 239887804?
True
Is 3456800 a multiple of 40?
True
Is 1473 a factor of 175683237?
True
Does 665 divide 19371230?
False
Is 24837406 a multiple of 144?
False
Does 2 divide 20010514?
True
Does 1423 divide 287783251?
True
Is 4423496256 a multiple of 807?
True
Is 35120915 a multiple of 7?
False
Is 16 a factor of 168316640?
True
Is 2547082769 a multiple of 473?
True
Is 626498354 a multiple of 101?
True
Is 298 a factor of 21338886?
True
Does 20 divide 995435507?
False
Is 44282520 a multiple of 15?
True
Is 1945 a factor of 257967295?
True
Is 28 a factor of 6843816?
True
Does 512 divide 303834624?
True
Is 6 a factor of 149493013?
False
Does 22 divide 9872406?
False
Does 341 divide 65719566?
True
Is 3 a factor of 178537819?
False
Is 85 a factor of 1825375?
True
Does 10 divide 90517070?
True
Is 126893660 a multiple of 236?
True
Is 628044290 a multiple of 382?
True
Is 23789214 a multiple of 279?
True
Is 2444153124 a multiple of 9852?
True
Does 53 divide 23827277?
False
Does 2 divide 26877427?
False
Does 1812 divide 193822392?
True
Is 493455573 a multiple of 680?
False
Is 15915900 a multiple of 55?
True
Is 39 a factor of 13301655?
False
Is 742564 a multiple of 7?
False
Is 108268775 a multiple of 11?
False
Does 831 divide 1798187067?
False
Does 256 divide 284430640?
False
Does 321 divide 7753806?
False
Is 1257 a factor of 31650003?
True
Does 11 divide 106492217?
False
Is 34 a factor of 23003290?
False
Does 49 divide 1338435?
True
Is 1029 a factor of 206783673?
False
Is 1061137205 a multiple of 820?
False
Does 6 divide 5780346?
True
Does 141 divide 23488223?
False
Is 1536149629 a multiple of 12?
False
Is 48222879 a multiple of 47?
False
Is 108233280 a multiple of 40?
True
Does 2789 divide 91384374?
True
Does 43 divide 2105429296?
True
Is 5689 a factor of 121892514?
True
Is 216614773 a multiple of 1108?
False
Does 999 divide 10783206?
True
Does 8 divide 69118792?
True
Does 26 divide 74340511?
False
Is 100404687 a multiple of 143?
False
Is 782 a factor of 136628694?
True
Is 92207544 a multiple of 802?
True
Is 150389096 a multiple of 22?
True
Is 153542232 a multiple of 4?
True
Is 7 a factor of 245732099?
False
Is 27887790 a multiple of 861?
True
Does 1737 divide 118644721?
False
Is 9 a factor of 62055328?
False
Does 1047 divide 6032896036?
False
Is 1267 a factor of 34534619?
True
Is 62228746 a multiple of 7?
False
Is 53 a factor of 16968056?
True
Does 8213 divide 686475392?
True
Does 22 divide 4393428490?
True
Is 1011990 a multiple of 18?
False
Is 242 a factor of 417197594?
True
Is 15 a factor of 7091304?
False
Does 13 divide 653488979?
True
Is 117393672 a multiple of 7?
False
Is 455 a factor of 51486890?
True
Is 302647786 a multiple of 1626?
False
Is 2850 a factor of 384757379?
False
Is 300860310 a multiple of 10?
True
Is 2611756441 a multiple of 4502?
False
Is 16655520 a multiple of 28?
True
Is 12016835 a multiple of 5?
True
Is 122171588 a multiple of 6?
False
Is 29 a factor of 4719460?
True
Is 15 a factor of 6795105?
True
Does 1177 divide 1763923?
False
Is 4887 a factor of 313378875?
True
Is 7 a factor of 29952377?
True
Is 10 a factor of 32643690?
True
Does 563 divide 291609791?
True
Is 29 a factor of 3046280?
False
Does 1195 divide 166609897?
False
Is 40 a factor of 15351336?
False
Is 17 a factor of 6985946?
True
Does 12 divide 1418386394?
False
Does 21 divide 930641514?
False
Does 175 divide 1822153?
False
Is 3 a factor of 63221928?
True
Does 8 divide 4172936?
True
Is 98 a factor of 412780507?
False
Is 57491191 a multiple of 170?
False
Is 2567595 a multiple of 17?
True
Is 445 a factor of 7844116?
False
Is 629 a factor of 10993377?
False
Is 3039117 a multiple of 953?
True
Is 8 a factor of 502071936?
True
Is 1186488 a multiple of 7324?
True
Is 2789442 a multiple of 186?
True
Is 4231 a factor of 104552241?
True
Is 19712196 a multiple of 255?
False
Is 169820020 a multiple of 6?
False
Does 196 divide 13427568?
True
Is 1153325430 a multiple of 15?
True
Is 16659877 a multiple of 13?
True
Is 763970216 a multiple of 74?
False
Is 343 a factor of 58559662?
False
Is 2764019478 a multiple of 179?
False
Is 1005711168 a multiple of 236?
True
Is 646 a factor of 35112434?
False
Does 2524 divide 209411232?
True
Is 2330 a factor of 42436290?
True
Is 2051 a factor of 806744442?
True
Is 3 a factor of 6161599?
False
Does 1443 divide 78077844?
True
Is 443037004 a multiple of 458?
False
Is 1172 a factor of 191941434?
False
Is 24241526 a multiple of 52?
False
Is 13434683 a multiple of 186?
False
Does 792 divide 339768161?
False
Does 1964 divide 44180180?
True
Is 1530 a factor of 6092163040?
False
Does 2496 divide 288432768?
True
Is 753016110 a multiple of 1801?
True
Is 257 a factor of 86607651?
False
Does 7 divide 69445940?
False
Is 1804596376 a multiple of 46?
True
Is 532794960 a multiple of 2088?
True
Does 64 divide 111967488?
True
Is 17 a factor of 119397871?
False
Does 82 divide 61323566?
False
Is 8 a factor of 327682720?
True
Does 4 divide 11982644?
True
Does 551 divide 13740021?
False
Is 98 a factor of 81882835?
False
Does 232 divide 71257825?
False
Is 47 a factor of 194264113?
True
Is 301 a factor of 44737630?
True
Is 7 a factor of 6431593?
True
Is 323210489 a multiple of 531?
False
Is 465215957 a multiple of 69?
False
Is 6 a factor of 366501180?
True
Is 47431997 a multiple of 274?
False
Does 5356 divide 303363840?
True
Does 415 divide 30961490?
True
Is 13 a factor of 273838240?
True
Is 28900892 a multiple of 2677?
True
Does 789 divide 761717169?
True
Is 2508282442 a multiple of 289?
True
Does 250 divide 411130027?
False
Does 13 divide 31155397?
True
Is 2 a factor of 716673023?
False
Does 119 divide 37751215?
False
Is 388 a factor of 79322197?
False
Is 41 a factor of 2981429?
False
Is 280 a factor of 126538440?
True
Is 33365351 a multiple of 360?
False
Does 22 divide 265185215?
False
Is 301805196 a multiple of 14?
True
Does 22 divide 187446028?
True
Is 40 a factor of 552389?
False
Does 826 divide 282675372?
True
Does 2766 divide 113400468?
True
Is 85560545 a multiple of 282?
False
Does 748 divide 1